. Is 12 a factor of c/(-6) - p/(-12)?
True
Let h(j) = j**3 + 9*j**2 + 17*j + 16. Is h(-6) a multiple of 22?
True
Let d(g) = -9*g - 125. Does 35 divide d(-20)?
False
Let w = 13 + -10. Suppose 14 = -2*g + g + 4*o, 0 = w*o - 12. Is -4*g/(-24)*15 a multiple of 3?
False
Suppose 3*v = 14*y - 10*y + 9446, y + 12599 = 4*v. Is 50 a factor of v?
True
Suppose 2454 = -2*v + 3*v + 3*o, -4*o = 4. Is 21 a factor of v?
True
Let o be 756/(-98) + (-4)/14. Let m be (-12)/o*(-12)/9. Is (0 - 28)*1/m a multiple of 7?
True
Let c be 6*5/45*6. Suppose -141 + 377 = c*k. Is 12 a factor of k?
False
Let c = -58 + 142. Suppose 2*r = -2*s + c + 94, -2*r - 262 = -3*s. Is s a multiple of 11?
True
Let s(l) = -10*l**2 - 3*l**2 + 5*l + 8*l + 11 + 0*l**3 + l**3. Does 7 divide s(12)?
False
Let k(h) = 5*h**2 + 13*h + 58. Does 32 divide k(-6)?
True
Suppose -3*r = -2*d + 157, -d = -4*r + 6*r - 61. Is d a multiple of 28?
False
Let j(c) = c - 1. Let t = -18 - -35. Is j(t) a multiple of 14?
False
Suppose 0 = -p + 20 - 380. Let m = 624 + p. Does 33 divide m?
True
Let n be ((-196)/6)/(32/(-48)). Let u = n - 14. Does 5 divide u?
True
Let q be ((-16)/(-6)*-2)/(26/(-897)). Let h = q + -80. Is 21 a factor of h?
False
Suppose -4*o + 89 = 3*c, c + 5*o + 67 = 3*c. Let f be 2*(2/(-1))/(-1). Suppose 2*s - 3*p - c = 0, -f*s + 54 = 5*p - 3*p. Is s a multiple of 7?
True
Suppose -25*p = -7170 - 33680. Is 10 a factor of p?
False
Let u be (-73)/4 + 11/44. Let b = u + 66. Suppose -2*h + b = 2*h. Is 10 a factor of h?
False
Is 27 a factor of (-69784)/(-136) - 32/272?
True
Suppose -2*z + 2*o = 18 + 2, -3*o = -4*z - 35. Let s be 126/(-10) - 3/z. Let a(b) = b**3 + 11*b**2 - 15*b - 16. Is 20 a factor of a(s)?
True
Suppose 4*r - 2892 = -736. Does 15 divide r?
False
Let y = -25 - -37. Let h be y/42 - 1648/(-14). Is 27 a factor of h*3*(-4)/(-24)?
False
Suppose -120 = -2*x - 2*x + 4*a, 5*a = 4*x - 118. Does 4 divide x?
True
Suppose -116 = 60*i - 62*i. Suppose 38 + i = 4*p. Is 3 a factor of p?
True
Suppose 4*s - 16 = -4. Suppose 0*a - 5*f = -3*a - 8, -s*a - f = 2. Is 1/a*(-22 + -1) a multiple of 23?
True
Suppose 0*f - 11 = f. Is 26 a factor of -1 - 1*-2 - 561/f?
True
Suppose -255 = -d + 5*t + 293, -5*t - 2147 = -4*d. Is d a multiple of 4?
False
Let t(f) be the third derivative of f**6/360 + f**5/120 - f**4/6 - f**3/2 + f**2. Let x(q) be the first derivative of t(q). Does 8 divide x(-4)?
True
Let q(k) = k + 14. Let d be q(-14). Suppose 2*a = -2*w + 5*w + 10, d = -a + 5*w + 12. Suppose -3*x + 245 = -5*i, a*x - 117 - 55 = -i. Is 34 a factor of x?
False
Let o be (2/4)/((-1)/(-4)). Suppose -2*x - 86 = o*w - w, -2*x - 110 = -5*w. Does 9 divide 10/x - 562/(-18)?
False
Suppose -4*i = 14 + 2. Let u(t) = 3*t + 15. Is u(i) a multiple of 3?
True
Let t(n) = 6*n**2 - 5*n - 3. Suppose i + 4*i = 25, 0 = -5*j - i - 20. Is 43 a factor of t(j)?
True
Let l(c) = 19*c**2 - 3*c - 2. Let n be l(-3). Suppose 0 = r + 3*r + o - n, -3*o = -6. Does 22 divide r?
True
Let g = 45 - 57. Let v(c) = -c**3 - 10*c**2 + 11*c + 7. Is v(g) a multiple of 30?
False
Suppose p - 59 = -10. Let g(s) = 28*s + 6 - p*s + 37*s. Is g(4) a multiple of 14?
True
Suppose -24*g + 14823 = 37*g. Does 81 divide g?
True
Let z(c) = -3*c**3 - 8*c**2 + 11*c + 106. Does 10 divide z(-7)?
False
Let z be -1 - (47 - (-5 + 3)). Let o be ((-120)/z)/((-2)/(-45)). Suppose q = 5*q + u - 165, -o = -q + 4*u. Is 14 a factor of q?
True
Let z(w) = 10*w**2 + 6*w + 2. Let q(n) = -3*n + 10. Let i be q(4). Does 10 divide z(i)?
True
Suppose 0 = 43*s - 48*s + 855. Is s a multiple of 9?
True
Suppose 2*t - 5*t = 3*u + 99, 0 = t + 3*u + 27. Let a = t + 66. Does 9 divide -3 - (-3 + 1 - a)?
False
Does 8 divide (-9)/45 + (-15967)/(-35)?
True
Let r(k) = k**2 + 22*k + 73. Is 3 a factor of r(-27)?
False
Let q(o) = o**2 + 3*o - 1. Let j = -18 + 21. Suppose -5*w + m = -20, w = j*m - 1 - 9. Does 17 divide q(w)?
False
Let c be (-20)/(-11) + 12/66. Let g be (c - -1)/((-1)/(-19)). Let t = g - 40. Is 17 a factor of t?
True
Let f(b) be the third derivative of b**4/12 + 5*b**3/3 - 38*b**2 - 1. Let o(t) = 7*t**2 + 2*t + 1. Let z be o(-1). Is f(z) a multiple of 11?
True
Is 11 a factor of 11289/9 - 11/33?
True
Suppose -2 + 5 = v. Suppose -n + 421 = 5*m - v*n, 0 = -n + 2. Suppose 4*k + k - m = 0. Does 7 divide k?
False
Let g = 1970 - 218. Does 12 divide g?
True
Suppose 1560 = p + 4*p. Let a = p + -164. Does 20 divide a?
False
Let f = 103 + -107. Does 3 divide (3 - 2) + f - -2 - -33?
False
Let p(y) = -8*y**3 + 4*y**2 - 2*y - 6. Suppose 18*u - 12 = -66. Does 42 divide p(u)?
True
Suppose -2*u + 22 = -0*u. Let o = 14 - u. Suppose 0 = 4*n + r - 151, 5*n + o*r = 169 + 25. Is n a multiple of 9?
False
Let w(u) = -11*u - 16*u + 24*u**2 + 27*u. Is 24 a factor of w(2)?
True
Suppose -50128 = 11*n - 37*n. Is 70 a factor of n?
False
Suppose -8*z - 3204 = -11148. Does 26 divide z?
False
Let o be (20/(-30))/(2/3). Let p be o/4 - 24/32. Let b = p + 25. Is b a multiple of 9?
False
Let h = 8 - 3. Suppose -5*r = h*a - 130, 0 = -2*r - r + a + 90. Suppose -61 = -0*p - 4*p + k, p - 3*k = r. Is p a multiple of 14?
True
Suppose l + 5*a + 11 = 0, -11 = -3*l - a - 2. Suppose -l*h + 36 = -8. Is h a multiple of 2?
False
Suppose 3*g - 3*p - 1623 = 0, -2705 = -5*g - 2*p + 6*p. Is 3 a factor of g?
False
Let q(v) = -86*v - 42. Let g be q(-7). Let j = -390 + g. Is 18 a factor of j?
False
Let s be (-8)/(-4)*3*26/12. Suppose 4*o - 46 = 62. Let x = o - s. Does 14 divide x?
True
Let l(y) = 2*y + 111. Is l(-26) a multiple of 18?
False
Does 45 divide (-3 + -1)/8 + 103/2?
False
Suppose -473 = -5*z - o, -3*z - 4*o = -3*o - 285. Does 13 divide z?
False
Let y = -66 + 98. Let x = -8 + y. Is 6 a factor of x?
True
Let b = 3122 + 270. Does 16 divide b?
True
Let a = -18 - -106. Let j = a - 28. Suppose j = 3*b - 0. Is b a multiple of 10?
True
Suppose -2*s - 2*o + 3*o = -5, -s - 3*o = -13. Suppose 0 = s*q + 7*d - 2*d - 7, -3*q + 3*d = 15. Does 11 divide -4*(22/1)/q?
True
Let f be 1/(4/160*4). Let v = 56 + f. Does 33 divide v?
True
Is (-54)/36*(-1355 - (0 - -1)) a multiple of 18?
True
Suppose 0 = 61*o - 66*o + 350. Is o a multiple of 7?
True
Does 13 divide (2 + 0)*129259/122?
True
Let f = -9 - -11. Suppose -f*x + 3 = -27. Is 2 a factor of x?
False
Let m(h) = h**3 - 7*h**2 - 14*h + 18. Does 27 divide m(9)?
True
Suppose 3 = 3*z + 51. Let q = 24 + z. Is q even?
True
Let m(u) = -u**3 - 7*u**2 - 2*u + 5. Let k be m(-6). Let d = -17 - k. Suppose 3*c + 5*g - 214 = 0, d = -3*g - 1. Does 20 divide c?
False
Suppose 0 = 4*i + 31 + 1. Let o(u) = -u**2 - 7*u - 2. Let m be o(i). Let q = 46 + m. Is 12 a factor of q?
True
Is 4 a factor of (-48)/(-4) + (-6 - -4)?
False
Suppose 4*r + 138 = x, -3*x = -9*r + 6*r - 396. Is x a multiple of 11?
False
Let b(y) = y**2 - 5*y + 5. Let j be b(8). Let v = j - 29. Let u = 12 - v. Is u a multiple of 5?
False
Suppose -2 = 2*z - 2*u - 4, 2*z = -2*u + 18. Let h(j) = 3*j**2 - 9*j + 15. Let y(v) = 5*v**2 - 14*v + 23. Let f(a) = -8*h(a) + 5*y(a). Is f(z) a multiple of 10?
True
Let i be 8/1*316/(-4). Is 11 a factor of (i/(-40) + -3)*25/2?
False
Let z(t) = 4*t - 3. Let f be z(0). Is 405/(-6)*4/f a multiple of 6?
True
Let d be (-136)/(-14) - 5/((-35)/2). Let o(q) = q**2 + 9*q + 11. Let x be o(-8). Suppose x*p - 8 = d. Is 5 a factor of p?
False
Is 14 a factor of (-3*2/(-12))/((-1)/(-190))?
False
Let y(n) = -4*n - 25. Let l be y(-7). Suppose 612 = 5*h + l*p, 219 = 5*h + 2*p - 389. Is 30 a factor of h?
True
Let t be 3 - 14/(0 - -1). Let k be ((-3 - 35) + 0)/1. Let z = t - k. Is z a multiple of 12?
False
Let o be (-11 + 21)/(5/((-15)/(-2))). Let j(p) = -p**3 + 14*p**2 + 18*p - 12. Is j(o) a multiple of 10?
False
Let k(u) = -8*u - 1. Let q be k(6). Let i = -13 - q. Is i a multiple of 9?
True
Suppose 2*j = -5*u - 11, 2*u + 2 = 4*j + 4*u. Suppose 0 = -j*q + 1 + 99. Suppose 2*z - 114 = -2*l, 0 = -4*z + 4*l + q + 194. Is z a multiple of 15?
False
Let a be -2*(0 - (3 + -4)). Let v = a + 7. Suppose -n + 40 = y + 4, -v*y + 196 = -3*n. Is y a multiple of 16?
False
Suppose 0 = m - 3*m + 14. Is (3170/25 - m) + (-1)/(-5) a multiple of 10?
True
Let i be (2 + -4)*(-10)/4. Let l = 358 + -265. Suppose 17 - 202 = -i*q - 3*t, 2*q - l = -5*t. Is q a multiple of 14?
False
Let z(d) = 3*d + 10. Suppose 4*w = -16 - 4. Let h be z(w). Let i(k) = k**2 - 6*k + 5. Does 12 divide i(h)?
